e of n**2/2 - n + 13. Determine r(-5).
-6
Let f(h) = h - 11. Suppose 24 = 9*c - 6*c. What is f(c)?
-3
Suppose 3*m - 2*m + 9 = -3*s, -4*s + 14 = -3*m. Let l(t) = t**2 + 7*t + 6. Determine l(m).
0
Let i(g) be the second derivative of g**3/6 + 3*g**2/2 + 18*g. Determine i(-5).
-2
Let g(n) = 3*n + 4. Suppose 4*d + 5 = -5*x, 5*x = 2*d - 0*x + 25. Let y be (-3)/30*-6*d. Determine g(y).
-5
Suppose -2*l = 2*l. Let t(k) = -3*k - 4 + l + 4*k. Suppose 2*v + 0 = -4*a - 2, -2*a + 29 = -5*v. Calculate t(a).
-2
Let h(l) = -l - 5. Let p be h(-5). Let g(s) = p - 4 + 3*s - 4 + 5 + s**3 - 3*s**2. Determine g(3).
6
Let z(h) be the second derivative of h**4/12 + h**3/3 + h. Suppose 4*r = 3*n - 11, 5*r - r + 23 = -n. Give z(n).
3
Let r(k) = -2 + k + 3 + 3. Let t = -4 - -13. Let v = t - 13. What is r(v)?
0
Let l(g) = -6*g - 8. Let q(a) = -3*a - 4. Let s(w) = 6*l(w) - 11*q(w). Suppose -6 = -2*u - 0*u. Suppose 3*r + 0*n = -2*n - 5, -u*n = -r - 9. Give s(r).
5
Suppose 4*u = 5*u - 5. Let v(r) = -r**2 + 7*r - 7. Give v(u).
3
Let w = -5 - -3. Let t be w/4 + (-10)/(-4). Let n(i) = -i**3 + 2*i**2 - 2*i + 2. Determine n(t).
-2
Let m be (-2 - (-4 - -3))*-1. Let a be -1*(5 + -2) - m. Let s(j) = -j - 9. What is s(a)?
-5
Let h(j) = j**3 - 9*j**2 + 2. Let m be h(9). Suppose -k - m*k = -15. Let l be 5/(-4) + k/20. Let r(a) = 6*a**2 - a. Give r(l).
7
Let k(n) = 4*n + 2. Let p(d) = -5*d - 1. Let z(a) = 4*k(a) + 3*p(a). Suppose -19 = 4*l - 3. Calculate z(l).
1
Let s be 1/(114/24 + -5). Let a(d) = -d**2 - 2*d - 1. Calculate a(s).
-9
Let h(p) = -p**2 + 5*p - 2. Let o = -174 + 179. What is h(o)?
-2
Let w(m) be the third derivative of m**4/24 + m**3/3 - 52*m**2. Let r(t) = -t**3 - 3*t**2 - t. Let h be r(-3). Suppose h*a - 2 = -20. Determine w(a).
-4
Let i = 4 - 2. Let w be ((-2)/2)/((-1)/i). Let d(z) = -3*z + w*z + 3*z. What is d(-4)?
-8
Suppose -2*n + 2 = -4*n + 4*x, -n + 5*x = 1. Let p(c) = -5*c**3 - c**2 + c + 1. Calculate p(n).
4
Let c(o) = o**3 - o**2 + o + 4. Let v(b) = -2*b - 12. Let i be v(-6). Calculate c(i).
4
Let y(x) be the first derivative of -3*x**2/2 + x + 5. Give y(3).
-8
Let b = 20 - 27. Let j(u) = -u - 15. What is j(b)?
-8
Let z(a) = a**2 - 3*a + 3 + 7*a - 3*a. Suppose -15*b = -16*b. Calculate z(b).
3
Let r = 81 + -80. Let h(f) = -f**3 - 2*f**2 + f - 2. Let v be h(-3). Let g(j) = -5*j + 1 + v*j + 9*j**3 + 0*j. What is g(r)?
9
Let p be -1 + -1 + 2 + 0. Let f(d) = -15*d**2 - 11*d - 11. Let z(w) = -7*w**2 - 5*w - 5. Let n(t) = 6*f(t) - 13*z(t). Determine n(p).
-1
Let j(u) = -2*u**2 - u - 1. Let k = -5 + 7. Let t be k/4 - (-3)/(-2). Calculate j(t).
-2
Let x = 15 + -14. Let w(s) be the first derivative of -9/2*s**2 + x - s. Calculate w(-1).
8
Let u(t) = 7*t + 16. Let d be 3/(-3)*-1 + 6. Let z(k) = 8*k + 17. Let v(r) = d*u(r) - 6*z(r). Determine v(-5).
5
Let x = -11 + 11. Let d(c) = x - 2*c - 1 + 6. Calculate d(-4).
13
Let j(o) be the first derivative of o**3/6 + 5*o**2/2 + o + 6. Let s(v) be the first derivative of j(v). Give s(0).
5
Let q(r) = r - 5. Let o = -44 - -49. Calculate q(o).
0
Suppose -30*s - 6 = -24*s. Let b(c) = -2*c**2 + c + 1. Give b(s).
-2
Let z(h) = 3*h - 1. Let n be z(-3). Let u = 16 + n. Let c(o) = 2*o - 9. Give c(u).
3
Let k(s) = -s**3 + 7*s**2 + 9. Let i be k(7). Let t = 13 - i. Let m(r) = r**2 - 3*r + 5. What is m(t)?
9
Suppose 4*y + 4*c - 22 = y, y + 18 = 5*c. Let g(l) = -l**2 + 2*l - 1. Calculate g(y).
-1
Suppose 15 = 3*q - 6*q. Let p(f) = 3*f**3 + 4*f**2 - f + 3. Let a(d) = 7*d**3 + 8*d**2 - d + 5. Let y(n) = -2*a(n) + 5*p(n). Give y(q).
-5
Let w = -15 + 16. Suppose a - w = 1. Let p(h) = 4*h**2 - h - 2. Give p(a).
12
Let o(a) = -4*a**3 + 6*a**2 + a**3 + 2*a**3 + 3 + a. Suppose 6*p = -11*p + 102. Give o(p).
9
Let s(c) = c**3 - 3*c**2 + 3*c. Let m be s(2). Let a = -3 - m. Let l = -4 - a. Let b(f) = 9*f**3 - 2*f**2 + f. Give b(l).
8
Let n(y) be the first derivative of -y**6/360 + y**5/120 + y**4/12 - y**3/3 + 2. Let g(s) be the third derivative of n(s). What is g(3)?
-4
Suppose 0 = 2*v - 5*g + 3 + 14, 5*g - 12 = -3*v. Let h(z) = -7*z - 3 - 2*z + 2. Determine h(v).
8
Let q(f) = 4 + 3*f**2 + f**3 - 5*f - f**2 - 6*f**2. Let h = -33 - -38. Determine q(h).
4
Let y = -14 + 22. Let s = 5 - y. Let w(o) = -3*o. Determine w(s).
9
Let v(k) = -k**2 + 2*k. Let y be ((4/(-8))/1)/(1/(-4)). Determine v(y).
0
Suppose -7*l = -2*l - 10. Let h(t) = 3*t**2 - 6*t - 6. Let n(o) = 3*o**2 - 5*o - 5. Let b(u) = -3*h(u) + 4*n(u). Calculate b(l).
6
Let h(v) = v - 6*v + 0*v. Let o(p) = p**2 + 3*p - 9. Let s be o(-5). Let m be (-7 - -4) + (s - -1). Give h(m).
5
Let f(g) = -g + 1. Suppose -2*z + 2 = 2*r, 0*z - 2*z = 4*r - 8. Let w be 0/5 - (1 - r). Let n = 6 - w. Give f(n).
-3
Let s(q) = -3*q - 2. Let i(u) = 2*u + 2. Let v be (-1)/(3 - 1)*8. Let g be -1 + 2 + 24/(-7 + 1). Let m(z) = g*s(z) + v*i(z). Determine m(1).
-1
Let x(n) = n**2 - 6*n + 2. Let z be x(6). Let m(a) = -a**z + 10 + 7 - 11 + 7. What is m(0)?
13
Suppose -5*b + 10 = -0*b. Suppose 28 = 2*x + b*x. Let v(f) = -f + 1. Determine v(x).
-6
Let b = 3 + 3. Let p = -4 + b. Let z(n) = -1 - 2*n**2 - n**3 - n**p + n**2 + n. Calculate z(-2).
-3
Let t(h) = -h**3 - 4*h**2 - 3*h. Let o be t(-2). Let k be 1 - (o/1 + 4). Let a(y) be the third derivative of 7*y**4/24 + 36*y**2. Determine a(k).
-7
Let h(f) be the third derivative of 5*f**4/24 + f**3/2 - 41*f**2. Determine h(3).
18
Let g be -4*(2 + 9/6). Let y = g + 8. Let h(o) = o**3 + 6*o**2 - 2. What is h(y)?
-2
Let y(p) be the first derivative of 4*p**3/3 + 2*p - 7. What is y(-2)?
18
Suppose -4*w - 5*j = w - 20, 4*j - 16 = 0. Let l(q) = w*q + 3*q - 3*q + q. Calculate l(-3).
-3
Let d(c) = -2*c + 4. Suppose 6*x + 15 = x. Let n = 2 - x. Give d(n).
-6
Let i(z) be the first derivative of 0*z**2 - 1/4*z**4 - 2*z + 0*z**3 - 7. Suppose 2*r - 10 = 3*v, v = -v + 2*r - 10. Determine i(v).
-2
Let p(n) be the second derivative of n**5/10 + n**4/12 + n**3/6 - n**2/2 + 8*n. Suppose 2*g = 4*g. Suppose 0*q + 2*q - 2 = g. Calculate p(q).
3
Suppose -2*i + 3*q - 26 = -6*i, 5*i - q - 23 = 0. Let o(t) be the first derivative of t - 4 + i + 0*t**2 - 3 - t**2. Calculate o(1).
-1
Suppose 2*l + 3*l = 5. Let w be (3/1)/l - 2. Let s(d) = -4*d**2 + 1. What is s(w)?
-3
Let c be (-6)/(-15)*10/2. Let b(o) = 2*o + 2 - 2*o + o**2 + 4*o - 2*o**c. Let h be b(4). Let a(i) = -2*i**3 + 3*i**2 - 1. Determine a(h).
-5
Let z(h) = -2*h - 20. Let q be z(-12). Let d(a) = a + 1. Let s(r) = -6*r + 2. Let n(o) = -4*d(o) - s(o). Determine n(q).
2
Suppose 5 = -k + 10. Let u(z) = -z - 1. Calculate u(k).
-6
Suppose 0 = -l + 5*l - 40. Suppose 2*a + 0*u = u + 5, -a = -2*u - l. Let h = 3 + a. Let n(i) = i**3 - 3*i**2 + 2*i - 1. Determine n(h).
5
Let d(h) be the first derivative of 1 - 2*h**2 - 2*h**2 - 10*h + 1 + 9*h. Determine d(1).
-9
Let v(d) = 11*d**2 + 20*d - 16. Let r(o) = 5*o**2 + 10*o - 8. Let h(j) = 9*r(j) - 4*v(j). Let q be h(-11). Let k(z) = -2*z**2 + 3*z + 4. Calculate k(q).
-5
Let q(r) = r**3 - 12*r**2 + 11*r + 2. Let k be q(11). Let t(l) = l - 6*l + l**2 + 7*l - 2*l**k. What is t(3)?
-3
Let p(j) be the first derivative of -j**2/2 - 141. Let t(x) = -x**3 + 2*x**2 + 3*x - 3. Let s be t(2). What is p(s)?
-3
Let a(r) = -r - 1. Suppose 0 = -3*j - 2*v - 4, 0*j + 25 = 5*j - 3*v. What is a(j)?
-3
Suppose 0 = -5*u - 15 - 5. Let h(b) = b - 2. Determine h(u).
-6
Let l(v) = v**3 - 2*v**2 - 4*v - 2. Let b(s) = -s**2 + 1. Let m(x) = -b(x) - l(x). Let w = -2 + 6. Determine m(w).
1
Let v(t) = t**2 - t + 1. Suppose 4*j + 3*w - 23 = 0, -j + 7 = -0*w + w. What is v(j)?
3
Let z(b) be the second derivative of b**3/6 + 2*b**2 - 14*b. Suppose 0 = -5*t - 25 - 50. Let v be 5/2*(-24)/t. Give z(v).
8
Let f(s) = -s**3 - 7*s**2 - s + 9. Let y = 52 + -59. Give f(y).
16
Let m(w) = 10*w**3 - w**2 + w + 1. Let i be (-1*(3 + -2))/1. Calculate m(i).
-11
Let h(z) be the first derivative of z**2 - z + 12. What is h(3)?
5
Let w(q) = 2*q + 6. Let v be w(5). Suppose 0 = -2*o + 3*y + y - v, -20 = 2*o - 5*y. Suppose -f + o*f = 4. Let d(h) = -h**2 - 2*h + 4. Calculate d(f).
-4
Let s(u) be the second derivative of u**4/12 + u**3 + 5*u**2/2 - 2*u. Suppose -3 + 2 = -2*k + 3*v, 4*k - 2*v = -10. Determine s(k).
-3
Let r(f) = 26*f**2 - 3*f + 3 - 40*f**2 + 12*f**2. Let u(q) = -q**2 + 4*q + 2. Let x be u(4). Let n be (-2)/x*(6 - 3). Calculate r(n).
-6
Let o(z) = -z + 6. L